?
True
Is 50041 a prime number?
False
Is 9795157 composite?
True
Is 43081331 prime?
True
Is 16322762 a composite number?
True
Is 8297669 a prime number?
True
Is 572099 prime?
False
Is 19526531 a composite number?
False
Is 66779233 prime?
False
Is 11912117 composite?
True
Is 5281879 prime?
True
Is 284694523 composite?
False
Is 1781 a composite number?
True
Is 20748617 a composite number?
False
Is 8914897 prime?
True
Is 3514583 composite?
False
Is 20641233 a prime number?
False
Is 11012983 a composite number?
True
Is 34400171 composite?
True
Is 1225687 prime?
True
Is 275839687 prime?
False
Is 29924093 prime?
False
Is 2798233 a composite number?
False
Is 10687549 composite?
False
Is 1607293 a composite number?
False
Is 50254403 a prime number?
True
Is 133556351 a composite number?
True
Is 52844489 composite?
True
Is 235559 a prime number?
True
Is 3921089 prime?
True
Is 7372619 prime?
True
Is 2411117 composite?
True
Is 1651979231 a prime number?
False
Is 58127347 prime?
False
Is 77085889 composite?
False
Is 99367201 a composite number?
True
Is 75662623 a composite number?
False
Is 4431227 a composite number?
False
Is 297191693 prime?
False
Is 206568043 composite?
True
Is 2151041 prime?
False
Is 30818407 a prime number?
True
Is 5156699 prime?
False
Is 1257987 composite?
True
Is 4468367 prime?
True
Is 1628633 a composite number?
False
Is 14191231 prime?
True
Is 10884917 prime?
True
Is 84006977 a composite number?
False
Is 285622 composite?
True
Is 422416667 a composite number?
True
Is 214340891 a prime number?
False
Is 260083 a prime number?
False
Is 66564067 composite?
False
Is 31349231 a prime number?
True
Is 10040573 composite?
False
Is 44657447 prime?
True
Is 13465619 composite?
False
Is 44988701 prime?
False
Is 46862027 composite?
False
Is 13658201 prime?
True
Is 1224251 a prime number?
False
Is 51934871 prime?
True
Is 101766779 prime?
True
Is 12031309 prime?
False
Is 2282549 composite?
False
Is 20504843 a composite number?
False
Is 24027481 a composite number?
True
Is 144816593 a composite number?
True
Is 242135941 composite?
True
Is 17143923 a prime number?
False
Is 91650109 a composite number?
False
Is 2230837 a prime number?
False
Is 164544079 prime?
False
Is 44517661 prime?
False
Is 51555193 composite?
True
Is 19352807 a prime number?
True
Is 23721007 a prime number?
True
Is 3339449 a prime number?
True
Is 108309017 a prime number?
False
Is 1791767 composite?
True
Is 11689341 a prime number?
False
Is 133559 composite?
False
Is 70313759 composite?
False
Is 117927001 a prime number?
True
Is 128672977 prime?
False
Is 67037305 prime?
False
Is 49139899 prime?
True
Is 836281 prime?
False
Is 35916311 a prime number?
True
Is 749069 a composite number?
False
Is 5366703 a composite number?
True
Is 6060853 a composite number?
False
Is 8612609 composite?
True
Is 33310217 a composite number?
False
Is 3262667 prime?
False
Is 6106459 a prime number?
True
Is 139330649 a prime number?
False
Is 69417163 a composite number?
True
Is 122878055 a prime number?
False
Is 8837111 prime?
True
Is 81862603 composite?
True
Is 379033 a composite number?
False
Is 6909109 a prime number?
True
Is 1833593 prime?
False
Is 2832241 composite?
True
Is 2660413 composite?
True
Is 2780399 a prime number?
True
Is 8057345 prime?
False
Is 18730819 composite?
True
Is 142354693 prime?
False
Is 4172291 prime?
False
Is 134931835 a prime number?
False
Is 250178501 a composite number?
False
Is 6148531 a prime number?
True
Is 6277679 a composite number?
True
Is 6462107 a prime number?
True
Is 7176245 a composite number?
True
Is 41162399 a prime number?
False
Is 104135389 a prime number?
False
Is 39670217 composite?
False
Is 447611 a prime number?
True
Is 10267678 a composite number?
True
Is 12113147 composite?
False
Is 9199877 composite?
True
Is 5432383 a prime number?
False
Is 181489733 a composite number?
False
Is 14762229 a composite number?
True
Is 119156857 a composite number?
False
Is 4749245 a prime number?
False
Is 83901665 a prime number?
False
Is 78530723 composite?
True
Is 115237799 a composite number?
False
Is 309604613 a prime number?
True
Is 34160227 prime?
False
Is 3197671 a prime number?
False
Is 3187471 a composite number?
True
Is 53947277 a composite number?
False
Is 879361837 a composite number?
True
Is 166160759 a composite number?
False
Is 74456869 composite?
False
Is 76223317 a prime number?
True
Is 23697637 a prime number?
False
Is 26947013 prime?
True
Is 14497207 a prime number?
True
Is 655106 composite?
True
Is 5295733 composite?
True
Is 743321 a composite number?
False
Is 1645777 a composite number?
True
Is 4038379 a prime number?
True
Is 2673193 prime?
True
Is 34718479 a composite number?
False
Is 145016279 a composite number?
True
Is 64177643 composite?
False
Is 3437953 a composite number?
False
Is 86032043 a prime number?
False
Is 22573357 a composite number?
False
Is 6094511 a prime number?
False
Is 14875477 a composite number?
False
Is 126401963 composite?
False
Is 415613 prime?
False
Is 6586417 prime?
True
Is 1155981763 prime?
True
Is 112861633 composite?
False
Is 6587699 a composite number?
True
Is 838193 a composite number?
False
Is 13629797 prime?
False
Is 98951641 composite?
True
Is 27466169 prime?
False
Is 180625987 composite?
False
Is 30945029 prime?
False
Is 8880797 composite?
False
Is 979903 prime?
False
Is 121843 a prime number?
True
Is 2409593 prime?
True
Is 5206973 a composite number?
True
Is 2799263 a prime number?
False
Is 3859721 a composite number?
True
Is 4287073 a composite number?
True
Is 150901 a composite number?
False
Is 45253387 a composite number?
False
Is 954607 a composite number?
True
Is 1620271 a composite number?
False
Is 897686 a composite number?
True
Is 423805751 prime?
False
Is 1182977 composite?
True
Is 4963633 prime?
True
Is 1182001 composite?
True
Is 1314341 a prime number?
False
Is 4088839 composite?
False
Is 42281741 a composite number?
False
Is 257239 a composite number?
False
Is 5176805 composite?
True
Is 10071431 a composite number?
True
Is 52382651 prime?
True
Is 46740277 prime?
True
Is 1326487 prime?
False
Is 315559 a composite number?
False
Is 212141 a composite number?
False
Is 343517 composite?
False
Is 29729233 prime?
True
Is 71543557 prime?
True
Is 825763 a composite number?
False
Is 2941961 prime?
False
Is 66620317 a prime number?
True
Is 6940669 composite?
True
Is 18809101 a composite number?
True
Is 968407 prime?
False
Is 150400687 composite?
True
Is 73453567 a composite number?
True
Is 22753637 a prime number?
True
Is 26857529 a prime number?
True
Is 23430943 composite?
True
Is 18957361 composite?
False
Is 22056163 a composite number?
False
Is 1712077 a prime number?
True
Is 15242281 a prime number?
True
Is 1526746289 a prime number?
True
Is 600289 a prime number?
True
Is 192218773 a composite number?
False
Is 95228743 a composite number?
False
Is 94426003 prime?
False
Is 2307677 a composite number?
False
Is 135505529 prime?
True
Is 76966711 a composite number?
True
Is 6625219 a prime number?
False
Is 6383757 composite?
True
Is 1799249 a prime number?
False
Is 132009071 prime?
False
Is 21055799 prime?
True
Is 3733913 composite?
False
Is 15599161 a composite number?
True
Is 2171831 composite?
False
Is 3782683 prime?
True
Is 8346847 composite?
True
Is 39031 a composite number?
True
Is 676129 composite?
False
Is 2619385 a prime number?
False
Is 186339401 a composite number?
False
Is 6906461 a prime number?
True
Is 2348561 prime?
False
Is 5706079 prime?
True
Is 61610473 composite?
False
Is 46493813 a composite number?
True
Is 19972111 a composite number?
False
Is 144289 a composite number?
False
Is 13108369 composite?
True
Is 2368879 a prime number?
False
Is 264531 prime?
False
Is 4002463 a composite number?
True
Is 285601 a composite number?
True
Is 65522969 composite?
True
Is 5003809 a prime number?
True
Is 51987977 prime?
True
Is 28135231 a composite number?
False
Is 7983941 composite?
True
Is 78805 composite?
True
Is 20715769 prime?
False
Is 4584397 a prime number?
False
Is 1362860511 a prime number?
False
Is 46883341 composite?
False
Is 1995853 a prime number?
False
Is 84482623 prime?
False
Is 58959449 a composite number?
True
Is 237165677 composite?
True
Is 1372127 composite?
False
Is 1398323 prime?
T